j(k) = k**2 + 5*k - 14. Let u be j(w). Calculate the highest common factor of 78 and u.
26
Let a be (-4)/(2 + 45/(-21)). Let m = -24 + a. What is the greatest common factor of m and 4?
4
Let c be (-1)/(-4) - 43/(-4). Let j = 12 - c. What is the highest common factor of j and 9?
1
Suppose i - 76 = 144. Calculate the greatest common factor of i and 40.
20
Let b(g) = g**3 + g**2 + g - 101. Let s be b(0). Let x = 221 + s. Suppose 4*z = -z + x. What is the greatest common factor of z and 24?
24
Let m(p) = -p**2 - 18*p + 28. Let d(c) = c - 30. Let w be d(11). Let a be m(w). What is the highest common divisor of a and 12?
3
Suppose 13*t = 12*t - 78. Let y = t - -79. Calculate the greatest common divisor of y and 4.
1
Let c = -750 - -775. What is the highest common factor of c and 2225?
25
Let n be ((-24)/10)/((-2)/20). Let c be (-7 - 377/(-39))/(8/18). What is the greatest common divisor of n and c?
6
Let a be -1 - 3 - (-37)/((-148)/(-2496)). What is the greatest common factor of 20 and a?
20
Let i = -41 + 43. Suppose -i*x + 0*x + 6 = 0. What is the highest common factor of 27 and x?
3
Let f(k) = -3*k + 12. Let j be f(-7). Let l = 34 + -31. What is the highest common factor of l and j?
3
Let t be 12/14*(-1792)/(-48). What is the highest common factor of 16 and t?
16
Suppose 0*j = j - 5. Suppose j*m = 40 + 15. Let k be 2*m - (-11 - -11). Calculate the greatest common divisor of k and 2.
2
Suppose -3*z + 0*b + 2*b = 54, -70 = 4*z - 2*b. Let w(o) = -10*o - 8. Let p be w(z). Calculate the greatest common factor of p and 19.
19
Let b be (48/9)/((-1)/(-3)). Let v be 11/(-3*(3 - 2))*-48. What is the highest common divisor of b and v?
16
Let p(u) = -u**3 + 12*u**2 + 40*u + 15. Let j be p(11). What is the greatest common divisor of j and 64?
64
Let b be ((-2)/6)/(12/18 + (-69)/99). Suppose -5*y + 31 = -24. What is the highest common divisor of b and y?
11
Suppose -6*s + 264 = 2*s. Calculate the highest common factor of 583 and s.
11
Let l be (9/(45/(-10)))/(1/(-17)). What is the highest common factor of l and 187?
17
Let o(k) = -k**2 + 4*k + 2. Let a(r) = -r + 1. Let z be a(-3). Let h be o(z). What is the greatest common divisor of 1 and h?
1
Suppose -3*n - 48 + 43 = 2*x, -2*x + 7 = -n. Calculate the greatest common factor of x and 62.
2
Let r(k) be the second derivative of -2*k**3 - 7*k**2 - 8*k. Let g be r(-2). Calculate the highest common divisor of 60 and g.
10
Let r(z) = z**3 - 4*z**2 - 7*z + 10. Let v be r(5). Suppose -4 = q - v, 2*u - 4*q - 366 = 0. Calculate the highest common factor of u and 25.
25
Let g be (-1 - (-5)/3)*12. Let t be 171/(-76) - (-73)/4. Calculate the highest common factor of g and t.
8
Suppose 1421 = -4*c + 2709. What is the greatest common divisor of 368 and c?
46
Suppose p = -4*k + 11 - 3, -p - k + 17 = 0. Calculate the highest common divisor of 130 and p.
10
Let d be (28/1)/((-8)/(-32)). Suppose 3*t = 4*t - 28. Calculate the greatest common factor of t and d.
28
Let p = 50 - 37. Suppose -2*i + 4*u = -i - 24, -3*u - 31 = -4*i. Let h be (2 - i/3)*156. What is the greatest common divisor of h and p?
13
Let w = -64 + 72. Suppose w*s - 8 = 4*s. Suppose 2*u + 3*q - 18 = 0, 6*q - 11 = 3*u + q. What is the highest common divisor of u and s?
1
Let f(z) = 3*z - 11. Let a = 34 + -24. Let c be f(a). Let t be (-4)/(-22) - 1043/(-11). Calculate the greatest common divisor of c and t.
19
Suppose 4*j = 2*o + 50, -4*j - 2*o = -2*j - 16. What is the greatest common divisor of 176 and j?
11
Let d be 9/(-21) - (-72)/21. Let t = 27 + -24. What is the highest common factor of d and t?
3
Let m be (-2315)/(-15) + 2/(-6). Let w be ((-9)/(-6) + -2)*-28. Calculate the highest common factor of m and w.
14
Let g be (20/6)/(62/279). Calculate the greatest common factor of g and 165.
15
Let l = -58 - -34. Suppose 128 = -0*c - 4*c + 2*j, -3*c + 2*j = 96. Let h = l - c. What is the greatest common divisor of 16 and h?
8
Suppose -4*n = 3*m - 7 - 4, n - 2*m + 11 = 0. Let i be (n - -3)*(16/1 + 4). What is the highest common divisor of i and 5?
5
Let c be (38 + -16)*(-6)/(-4). Suppose 0 = 2*j - k - 66, -c = -2*j + 2*k + 31. Calculate the highest common factor of 102 and j.
34
Let i = -75 - -82. Suppose -i*f + 1458 = 2*f. Calculate the highest common divisor of 27 and f.
27
Suppose -6*f + 115 = -101. Suppose -3*z + 16 = z. Suppose 9 = z*v - 7. What is the greatest common divisor of v and f?
4
Let i be (-488)/(-5) + 2/5. Let m(t) = -t - 22. Let n be m(-19). Let a be (11 + 3)*(8/2 + n). Calculate the greatest common divisor of i and a.
14
Suppose -2*k + 351 = 3*f, -5*k = f - 289 - 608. Calculate the greatest common factor of 20 and k.
20
Suppose -6*w + 2*w - 96 = 0. Let a = w - -33. What is the greatest common divisor of 6 and a?
3
Let y = 25 + -17. Suppose -m - 5*x + 11 = -12, m = 3*x + 31. Let f = m - -4. What is the highest common factor of f and y?
8
Let z(q) = 401*q**2 + 5*q + 4. Let a be z(-1). What is the highest common factor of a and 50?
50
Suppose -3*p + 3*j = -870, -3*p + 8 = -5*j - 870. What is the highest common factor of 22 and p?
22
Suppose p - 15*p + 17822 = 0. What is the greatest common divisor of 19 and p?
19
Let i be 16/(-28) - (-162)/14. Let k = i + -9. Suppose 2*x - 28 = -3*f, k*f - 5*x - 25 = -0*f. What is the highest common divisor of f and 25?
5
Let r = 1297 + -1177. What is the greatest common factor of 20 and r?
20
Suppose p - 75 = -3*k, -105 = -p - 4*k - 26. Calculate the greatest common divisor of p and 84.
21
Let i = 29 - 29. Let k be (-17 - -2)/((i + 2)/(-14)). What is the greatest common divisor of k and 21?
21
Let d be 5 - (59 - 61)/((-4)/(-230)). Calculate the highest common divisor of d and 300.
60
Suppose 3*k = -5*z + 4, -2*z + z + 4*k = -10. Suppose 0 = z*d + l - 41, 0 = -d - d - 2*l + 36. Calculate the highest common divisor of 207 and d.
23
Let t(v) = -5*v + 52. Let h be t(6). Suppose -7*d + 165 = -4*d. What is the greatest common factor of d and h?
11
Suppose -4*k + 0*k = -4*n + 36, 2*k - n + 17 = 0. Let w(q) = -6*q - 18. Let v be w(k). What is the greatest common factor of v and 5?
5
Let h(t) be the second derivative of -t**5/20 + t**4/6 - t**3 - 4*t**2 - 6*t. Let c be h(-4). Calculate the greatest common divisor of 14 and c.
14
Let i(y) = -y**2 - 20*y + 42. Let q be i(-18). Let l = -18 + q. What is the highest common factor of 12 and l?
12
Let d = -133 + 145. What is the greatest common divisor of d and 192?
12
Let c be 33/(-2)*30/(-45). Let j(k) = -3*k + 6. Let l be j(-5). Let p = l - -1. What is the greatest common divisor of c and p?
11
Let j(s) = 29*s**2 + s. Let a be j(1). Suppose -2*y + 10 = d + d, -2*y + 2*d = -a. Let w = -4711 + 4712. Calculate the greatest common divisor of w and y.
1
Suppose -11*c = 261 - 1141. Let v(h) = -h**3 - 4*h**2 + 6*h + 7. Let t be v(-5). Suppose -t*o + c = 2*o. Calculate the greatest common factor of 10 and o.
10
Let o(w) = 2*w**3 + 18*w**2 + 9*w - 11. Let u be o(-8). What is the greatest common factor of u and 153?
9
Let l be 28/(-98) - (-52)/(-14). Let v(y) = 6*y**2 + 6*y + 5. Let g be v(l). What is the highest common divisor of g and 7?
7
Let q(a) = -a - 2. Let y be q(3). Let f be y*(-5 + 3 + 1). Suppose 106 - 6 = f*r. What is the greatest common divisor of r and 10?
10
Let k be ((-6)/12)/(3/(-1368)). What is the highest common divisor of k and 24?
12
Suppose 5*k - 10 = -5*a, 3*a - 5*a + 4*k = -10. Suppose 22 = r - 5*z, 14 = 2*r + 2*z + a*z. What is the greatest common divisor of 60 and r?
12
Let w(j) = 14*j + 4. Let r = -3 + 7. Let i be w(r). Suppose -5*c = 3*o - 100, 3*o - i = -0*o + 3*c. What is the greatest common divisor of o and 10?
5
Let y be (1*39/(-9) - -7)/(16/6). Suppose n + 5*h = -2*n + 34, -14 = -2*n + h. What is the greatest common factor of n and y?
1
Suppose -2*q = -n + 3 - 5, 4*q + 3*n + 6 = 0. Suppose q*j + 19 = 3*a - 5*j, j + 22 = 2*a. Calculate the highest common divisor of 91 and a.
13
Suppose -2*i + 10 = a + a, -2*a = i - 10. Let z = 7 - a. Calculate the highest common factor of z and 6.
2
Let j be 57/9 - (5 + (-44)/12). Suppose j*u + 0*x - 2*x = 13, -2*u - 2*x = 6. Calculate the greatest common divisor of u and 4.
1
Suppose 4 = 4*x, 0 = m + m + 5*x - 5717. Calculate the greatest common divisor of 42 and m.
42
Let d(u) = 6*u**2 - 8*u + 10. Let o be d(3). Calculat